5)?
3, 23
Suppose 4*v - 2*q + 10 = -10, -3*v = 2*q + 8. List the prime factors of (-16)/(-8)*v/(-8)*68.
2, 17
Suppose 16*r - 17*r + 3*g + 10146 = 0, 0 = -5*r + 2*g + 50704. List the prime factors of r.
2, 3, 5, 13
Let w be (0/(-1))/(4/(-2) + 4). Let o(q) = q**3 + 4*q**2 - 10*q + 1. Let k be o(-6). List the prime factors of k/(-22) + (w - (-17)/2).
3
Suppose 0 = -3*x - 4*w + 4 + 12, 5*x - 42 = w. Let z(c) = 0*c - 22*c**2 - c + x + c**3 + 8*c**2 + 8. What are the prime factors of z(14)?
2
Let k(i) = 20 + 20*i - 48*i + 21*i. Let h be k(4). What are the prime factors of 2*1/h*-716?
179
What are the prime factors of (0 - 8/(-12))/((-170)/(-3404505))?
13, 79
Let x = 656 - 661. List the prime factors of (x - -1)/(1/(-343)).
2, 7
Let t be -60*(14/7)/(-1 - 1). Suppose t = 12*x - 0*x. Suppose -2*f + x*h = -399, -2*f + 5*h + 803 = 2*f. List the prime factors of f.
2, 101
Let i be ((-8)/(-14))/(3/((-63)/(-6))). Let z be ((21/(-6))/(-7))/(i/28). Suppose 18*s - z*s = 2156. What are the prime factors of s?
2, 7
Let g = -431 + 2102. What are the prime factors of g?
3, 557
Suppose -5*i + p + p = -0*i, 4*p = 0. Suppose -8379 = -5*w + 3*k - 554, 3*w + 3*k - 4671 = i. What are the prime factors of w?
2, 11, 71
Let y(c) = 4672*c - 779. What are the prime factors of y(2)?
3, 5, 571
Let i(w) = 15*w + 64. Let c be i(-4). Let m(d) = 19*d**2 + 11*d - 10. List the prime factors of m(c).
2, 13
Let f(h) be the first derivative of 4*h**3/3 + 17*h**2/2 - 24*h + 91. List the prime factors of f(-14).
2, 3, 29
What are the prime factors of 26333 + 12 - -19 - -13?
13, 2029
Let i = -60 - -62. Let s be i/11 + (-11346)/(-33). Let f = -157 + s. List the prime factors of f.
11, 17
List the prime factors of 5045*6 - ((-345)/105 - 4/(-14)).
3, 10091
Let o be (-30)/40*48/(-2). Suppose -5*q + 4*d + 35 = d, -2*d - o = -2*q. Suppose -g = q*c - 243, 0*c - c + 72 = 4*g. List the prime factors of c.
2, 3, 5
Let h(k) = -88*k - 36. Let a(g) = -g**3 + 9*g**2 - g + 5. Let c be a(9). List the prime factors of h(c).
2, 79
Let j(c) = 12380*c**2 - 350*c - 349. What are the prime factors of j(-1)?
3, 4127
Suppose 87*a = 81*a + 54. Suppose -11*w + a*w = -440. What are the prime factors of w?
2, 5, 11
Let u(v) = v**3 + 15*v**2 - 9*v + 14. Let m(h) = 3*h + 12. Let f be m(-9). Let b be u(f). Let x = b + -64. What are the prime factors of x?
5, 17
Suppose 0 = -5*v + 5*t - 23 - 772, -2*v = 3*t + 323. Suppose 4*b + o - 828 = 180, 2*b - 4*o = 504. Let r = v + b. List the prime factors of r.
2, 23
Let r be 2/2 - (2 + 1 - 2). Suppose 5*d = -r*d + 1210. List the prime factors of d.
2, 11
Let d be (-12)/(-10)*85/51. Suppose d*k = 2*a - 8, 3*k + a - 2 = 2. Suppose 5*o + k - 15 = 0. What are the prime factors of o?
3
Let l(v) = -31*v + 283. Suppose 0 = -49*n - 171 - 368. What are the prime factors of l(n)?
2, 3, 13
Let r = -275 - -428. Let x = r + -131. What are the prime factors of x?
2, 11
Let r(h) be the first derivative of h**3/3 - 5*h**2/2 - 15*h - 5. Let t be r(7). List the prime factors of t - -5 - (-76)/2.
2, 3, 7
Suppose -3138 = 19*z + 3379. Let l = 428 + z. List the prime factors of l.
5, 17
Let j(w) = -w**3 + 2*w**2 - 3*w - 2. Let k be j(-2). Suppose -5*z - k = -5*q, -23 = -2*q + 4*z - 5. List the prime factors of (2/4)/(q/(-142)).
71
Let a(u) = -7*u + 16. Suppose -5*y = 2*x - 56, -5*x = -0*y + 3*y - 102. Suppose 7*o - z + x = 4*o, 0 = 2*z. List the prime factors of a(o).
2, 29
Let i(b) = -60*b - 176. Let p be i(-33). Suppose 22*r - 10516 = p. List the prime factors of r.
2, 5, 7
Let c(n) = 92*n**2 + 183*n - 1055. List the prime factors of c(6).
5, 11, 61
What are the prime factors of 18561 - (-5 - (-6)/(24/20))?
3, 23, 269
Let o(q) be the third derivative of q**6/120 - 11*q**5/15 + 19*q**4/24 + 10*q**3 + 155*q**2. List the prime factors of o(44).
2, 7
Let c(h) = 178*h**2 - 2056*h + 1. What are the prime factors of c(13)?
5, 11, 61
Let d = 40301 + -20155. List the prime factors of d.
2, 7, 1439
Suppose u - 12*u - 110 = 0. What are the prime factors of (u/25 - (-9)/(-15))*-79?
79
Let g(p) = -3*p**2 - 4*p + 2. Let c be g(-6). Let h be ((-55)/10 + 5)*242. Let r = c - h. What are the prime factors of r?
3, 13
Let t = 5461 - 672. List the prime factors of t.
4789
Suppose 5*r = 6*r - 2. Suppose r*c = 122 + 1076. List the prime factors of c.
599
Let a be 3630/510 + 3*(-2)/51. Let i(z) = 32*z - 71. List the prime factors of i(a).
3, 17
Suppose 2*k + 3 = -15. Let r(f) = 15*f**2 + 29*f + 23. What are the prime factors of r(k)?
977
Suppose -83*g + 68*g = -825. List the prime factors of (-66)/g + (-10412)/(-10).
2, 5, 13
Suppose -2*a = 2*s - 94696, 2*a - 140541 = s - 45851. List the prime factors of a.
2, 3, 13, 607
Suppose 323*o = 11620216 - 3911821. What are the prime factors of o?
3, 5, 37, 43
Suppose -2*v = 8 - 36. List the prime factors of (103/4)/(v/224).
2, 103
Suppose 37*s - 162315 = 48*s - 26*s. What are the prime factors of s?
3, 3607
Suppose -8*g = 9*g - 12291. What are the prime factors of ((-2)/(-6))/(1/g)?
241
Let z be ((-24)/42 + 0)/((-2)/7). Suppose z*y - 1205 = -c - 4*c, -3*c + 4*y + 697 = 0. List the prime factors of c.
239
What are the prime factors of 2772*(-4 - -16) - (-3 + 2)?
5, 6653
What are the prime factors of (-9565*(-1)/(-8))/((-64)/512)?
5, 1913
Let z be 3/((-6)/(-82)) + -6. Suppose 0 = -27*o + z*o - 1664. What are the prime factors of o?
2, 13
Let a(x) = -2*x - 2. Suppose 40*o + 54 = 31*o. Let r be a(o). Suppose r*d - 8*d = 522. List the prime factors of d.
3, 29
Suppose 13548 = 18*p - 6612. Let b = -521 + p. What are the prime factors of b?
599
Let t(m) = -2*m**3 + 5*m**2 - m. Let g be t(2). Suppose 0 = -5*d + a + 2393, -2*a + 944 = g*d + 2*a. List the prime factors of d.
2, 239
Suppose 18*k = 32*k - 42. Suppose -4*q - 276 = -4*l, 0 = -k*l + 4*q + 252 - 48. What are the prime factors of l?
2, 3
Let k = -151 + 151. Suppose 3*g - 777 = -3*l + 387, k = 3*l + 2*g - 1161. List the prime factors of l.
5, 7, 11
Let r(c) = -2*c**2 + 44*c - 30. Let a be r(22). Let s = a - -190. List the prime factors of s.
2, 5
Let d(s) = -s**2 + 578*s + 129. What are the prime factors of d(123)?
2, 3, 9349
Let g = -43 + 73. Let h be (-4)/g + 91092/90. List the prime factors of h/10 - (24/20 + -1).
101
Let c(t) = 6*t**2 + 29*t + 151. Let z be c(-12). Let y = 856 - z. What are the prime factors of y?
3, 7
Suppose 16*h + h = 85. Suppose 4*l + 5*j - 1024 = 0, h*j + 768 = 3*l + 10*j. What are the prime factors of l?
2
Let u(w) = w**2 - 18*w + 2. Let n(r) = -3*r + 10. Let b be n(-3). Let x be u(b). Suppose x*i - 16*i - 275 = 0. List the prime factors of i.
5, 11
Let j(y) = -3*y**2 - 5*y - 12. Let t be j(6). Let o = 174 + t. What are the prime factors of o?
2, 3
Let d(p) = -p**3 + 19*p**2 + 4*p + 35. Let f(c) = 14*c**2 - 7*c - 7. Let h be f(-1). What are the prime factors of d(h)?
3, 7, 17
Let y be ((-8)/(-6))/(10/28035 + 0). Suppose -y = -18*w - 3*w. List the prime factors of w.
2, 89
Let q(l) = -l**3 - 7*l**2 + 6*l + 11. Let v be q(-4). Let j = v - -63. List the prime factors of -3 + j + (-3)/(-1).
2
Let v(w) = 2*w**2 + 13*w + 1. Let c = 10 + -4. Let y be (156/18 - c)*(-18)/4. List the prime factors of v(y).
7, 19
Let k(h) = h - 4. Suppose 2*t + 2*t = 3*i + 14, -4*t + 20 = 0. Let s be k(i). List the prime factors of s/(-5) + 8/5 - -91.
3, 31
List the prime factors of 5287 - ((-336)/(-189) - 4/(-18)).
5, 7, 151
Let p(d) = 7 - d - 12 + 50*d**2 + 7 - 4*d. List the prime factors of p(1).
47
Let z = -67 - -311. Let n = z + -118. List the prime factors of n.
2, 3, 7
Let l(u) = -1. Let m(r) = 10*r - 468. Let h(v) = 10*l(v) - m(v). What are the prime factors of h(0)?
2, 229
Let l(s) be the third derivative of -31*s**4/24 - 11*s**3/2 + 36*s**2. Let u be l(-13). Suppose 56*c = 58*c - u. What are the prime factors of c?
5, 37
Suppose 3 = -14*o + 31, -222173 = -5*f - 4*o. List the prime factors of f.
3, 4937
Suppose -4*n - 1493 + 153 = 0. Let z(j) = -14*j**2 + 563*j + 282. Let v be z(41). Let a = v - n. List the prime factors of a.
2, 83
Suppose 23197 + 40400 = 3*y - m, -y + 21199 = -2*m. List the prime factors of y.
17, 29, 43
Let j = -785 - -5294. What are the prime factors of j?
3, 167
Let i = 16 + -11. Suppose 2*f - 5*s = 4*f - 23, 3*s - i = f. Suppose q - 116 = -4*x, -f*x + 5*q = -75 - 41. List the prime factors of 